57
What is the remainder when 11693878 is divided by 2053?
2043
Calculate the remainder when 44311029 is divided by 9056.
21
Calculate the remainder when 57964 is divided by 13487.
4016
What is the remainder when 292410 is divided by 1059?
126
Calculate the remainder when 57296 is divided by 173.
33
What is the remainder when 109421755 is divided by 135?
70
Calculate the remainder when 3769219 is divided by 532.
531
Calculate the remainder when 3939 is divided by 576.
483
What is the remainder when 550843 is divided by 374?
315
What is the remainder when 1792190 is divided by 9847?
36
Calculate the remainder when 3353956 is divided by 923.
697
What is the remainder when 213388 is divided by 197?
37
Calculate the remainder when 99852006 is divided by 30.
6
Calculate the remainder when 1355398 is divided by 12.
10
What is the remainder when 105899 is divided by 1037?
125
What is the remainder when 5414219223 is divided by 54?
51
Calculate the remainder when 15468364 is divided by 84.
16
What is the remainder when 63150 is divided by 789?
30
Calculate the remainder when 841583 is divided by 712.
711
What is the remainder when 4182312 is divided by 322?
176
What is the remainder when 2847683 is divided by 87?
86
What is the remainder when 8212060 is divided by 73982?
58
What is the remainder when 15333 is divided by 47?
11
What is the remainder when 3217099 is divided by 1608158?
783
Calculate the remainder when 16098405 is divided by 24.
21
Calculate the remainder when 33762061 is divided by 33762048.
13
Calculate the remainder when 11406619 is divided by 115.
114
What is the remainder when 2533945 is divided by 879?
667
What is the remainder when 1160338 is divided by 1922?
1372
Calculate the remainder when 90666871 is divided by 6351.
6346
Calculate the remainder when 1041609 is divided by 33.
30
Calculate the remainder when 59094 is divided by 4164.
798
Calculate the remainder when 129638709 is divided by 14.
11
What is the remainder when 13745834 is divided by 2163?
2132
What is the remainder when 78626694 is divided by 324?
318
What is the remainder when 3612618 is divided by 143?
9
What is the remainder when 1323978 is divided by 132299?
988
Calculate the remainder when 117982 is divided by 16832.
158
Calculate the remainder when 20578 is divided by 20320.
258
Calculate the remainder when 89123 is divided by 84.
83
Calculate the remainder when 1698576 is divided by 849247.
82
Calculate the remainder when 17299753 is divided by 1279.
1278
What is the remainder when 84487 is divided by 20628?
1975
What is the remainder when 2263691 is divided by 23?
8
What is the remainder when 415832 is divided by 602?
452
Calculate the remainder when 97007 is divided by 970.
7
What is the remainder when 4295087 is divided by 4260?
1007
Calculate the remainder when 108368120 is divided by 1182.
1178
What is the remainder when 218189 is divided by 818?
601
Calculate the remainder when 2650303 is divided by 8550.
8353
What is the remainder when 32364524 is divided by 72?
20
Calculate the remainder when 799677 is divided by 6.
3
What is the remainder when 248816 is divided by 58?
54
Calculate the remainder when 145311 is divided by 23865.
2121
What is the remainder when 19029065 is divided by 291?
284
What is the remainder when 8310450 is divided by 4155192?
66
Calculate the remainder when 14465354 is divided by 13.
7
Calculate the remainder when 382560 is divided by 5299.
1032
Calculate the remainder when 198950 is divided by 549.
212
What is the remainder when 53898524 is divided by 523286?
66
What is the remainder when 1178525 is divided by 9820?
125
Calculate the remainder when 3708101 is divided by 612.
605
Calculate the remainder when 1181381 is divided by 9376.
5
Calculate the remainder when 21042 is divided by 6945.
207
Calculate the remainder when 6363 is divided by 16.
11
Calculate the remainder when 653498037 is divided by 6113.
6111
What is the remainder when 342423 is divided by 1240?
183
What is the remainder when 3917 is divided by 804?
701
Calculate the remainder when 641945 is divided by 64174.
205
Calculate the remainder when 9837286 is divided by 9.
7
Calculate the remainder when 7340991 is divided by 551.
18
Calculate the remainder when 848193 is divided by 12656.
241
Calculate the remainder when 168714091 is divided by 42178520.
11
Calculate the remainder when 1400917 is divided by 280181.
12
Calculate the remainder when 367456 is divided by 108.
40
Calculate the remainder when 4799570 is divided by 404.
50
Calculate the remainder when 191933 is divided by 43.
24
What is the remainder when 34073587 is divided by 599?
71
What is the remainder when 4083710 is divided by 323?
21
Calculate the remainder when 87603 is divided by 354.
165
What is the remainder when 10150801 is divided by 3383595?
16
What is the remainder when 103789546 is divided by 35?
21
What is the remainder when 1996 is divided by 622?
130
Calculate the remainder when 37317379 is divided by 83.
81
Calculate the remainder when 355036 is divided by 285.
211
What is the remainder when 3278732 is divided by 142550?
82
Calculate the remainder when 50949164 is divided by 8491527.
2
What is the remainder when 4929231 is divided by 4929216?
15
What is the remainder when 26004 is divided by 702?
30
Calculate the remainder when 20344 is divided by 20082.
262
What is the remainder when 433584 is divided by 6062?
3182
Calculate the remainder when 2179007 is divided by 187.
83
What is the remainder when 6995978 is divided by 97166?
26
What is the remainder when 26741 is divided by 22641?
4100
What is the remainder when 35992 is divided by 2552?
264
What is the remainder when 4284339 is divided by 2773?
54
Calculate the remainder when 106955563 is divided by 68.
63
What is the remainder when 1230958 is divided by 14313?
40
Calculate the remainder when 2799247133 is divided by 296.
293
Calculate the remainder when 1051846 is divided by 329.
33
What is the remainder when 26842269 is divided by 115?
4
Calculate the remainder when 16359759 is divided by 864.
783
Calculate the remainder when 162387 is divided by 2074.
615
What is the remainder when 55835 is divided by 55771?
64
Calculate the remainder when 21337007 is divided by 6.
5
Calculate the remainder when 144828360 is divided by 48470.
0
Calculate the remainder when 15506 is divided by 2923.
891
What is the remainder when 306342 is divided by 1521?
621
Calculate the remainder when 25799943 is divided by 447.
444
Calculate the remainder when 393711 is divided by 196681.
349
Calculate the remainder when 3571105 is divided by 223193.
17
What is the remainder when 73042 is divided by 3160?
362
What is the remainder when 783348 is divided by 193?
154
Calculate the remainder when 17510 is divided by 4274.
414
Calculate the remainder when 12797 is divided by 1815.
92
Calculate the remainder when 42742 is divided by 739.
619
Calculate the remainder when 1837117 is divided by 198.
73
What is the remainder when 455740 is divided by 14?
12
What is the remainder when 4304978 is divided by 124?
70
What is the remainder when 38545127 is divided by 6190?
6187
What is the remainder when 997332 is divided by 10724?
0
What is the remainder when 596215 is divided by 504?
487
Calculate the remainder when 452691544 is divided by 77.
74
Calculate the remainder when 150980 is divided by 433.
296
Calculate the remainder when 1385 is divided by 798.
587
What is the remainder when 10760218 is divided by 9899?
5
What is the remainder when 46182816 is divided by 544?
480
Calculate the remainder when 3079125 is divided by 439874.
7
Calculate the remainder when 88129 is divided by 22009.
93
Calculate the remainder when 942417081 is divided by 2492.
2489
Calculate the remainder when 3505758 is divided by 1234.
1198
Calculate the remainder when 27727 is divided by 3745.
1512
Calculate the remainder when 48582 is divided by 240.
102
What is the remainder when 404845 is divided by 2870?
175
What is the remainder when 30129 is divided by 5983?
214
What is the remainder when 12676604 is divided by 1572?
1568
Calculate the remainder when 18559564 is divided by 2651364.
16
Calculate the remainder when 1373920 is divided by 26.
2
What is the remainder when 451057 is divi